399?
9
What is the ten thousands digit of 835442?
3
What is the hundreds digit of 8936833?
8
What is the tens digit of 1154127?
2
What is the ten thousands digit of 33478?
3
What is the units digit of 7848542?
2
What is the millions digit of 6883706?
6
What is the ten millions digit of 27973443?
2
What is the ten thousands digit of 5419015?
1
What is the millions digit of 8358360?
8
What is the tens digit of 11801849?
4
What is the hundreds digit of 12139564?
5
What is the units digit of 1559132?
2
What is the thousands digit of 17559635?
9
What is the hundred thousands digit of 6620788?
6
What is the units digit of 1333949?
9
What is the thousands digit of 1784754?
4
What is the tens digit of 17186182?
8
What is the millions digit of 2290777?
2
What is the ten thousands digit of 2267928?
6
What is the millions digit of 2074299?
2
What is the ten thousands digit of 844373?
4
What is the hundred thousands digit of 646161?
6
What is the millions digit of 7000685?
7
What is the units digit of 160253?
3
What is the units digit of 444329?
9
What is the tens digit of 33632972?
7
What is the thousands digit of 14990053?
0
What is the hundreds digit of 8095643?
6
What is the thousands digit of 14155?
4
What is the hundred thousands digit of 589319?
5
What is the units digit of 342756?
6
What is the units digit of 28958?
8
What is the units digit of 2071875?
5
What is the thousands digit of 1934362?
4
What is the tens digit of 195901?
0
What is the hundreds digit of 69133?
1
What is the millions digit of 17897497?
7
What is the ten thousands digit of 891753?
9
What is the hundreds digit of 15000720?
7
What is the hundred thousands digit of 1359663?
3
What is the hundreds digit of 1128598?
5
What is the thousands digit of 178307?
8
What is the hundreds digit of 620504?
5
What is the millions digit of 12547601?
2
What is the hundreds digit of 13727540?
5
What is the thousands digit of 1177506?
7
What is the ten thousands digit of 2447577?
4
What is the ten thousands digit of 465057?
6
What is the thousands digit of 65063?
5
What is the thousands digit of 137704?
7
What is the ten thousands digit of 188404?
8
What is the tens digit of 140655?
5
What is the millions digit of 5100230?
5
What is the tens digit of 11929771?
7
What is the ten thousands digit of 56653?
5
What is the tens digit of 1222077?
7
What is the ten thousands digit of 3681208?
8
What is the thousands digit of 9460509?
0
What is the tens digit of 1614628?
2
What is the ten thousands digit of 229317?
2
What is the thousands digit of 776294?
6
What is the tens digit of 4406426?
2
What is the units digit of 10698778?
8
What is the hundreds digit of 287579?
5
What is the thousands digit of 17500459?
0
What is the ten thousands digit of 159663?
5
What is the hundreds digit of 6266150?
1
What is the units digit of 3345968?
8
What is the tens digit of 350675?
7
What is the ten thousands digit of 669311?
6
What is the units digit of 16519518?
8
What is the hundred thousands digit of 9603305?
6
What is the hundred thousands digit of 274197?
2
What is the hundreds digit of 54854?
8
What is the thousands digit of 61587?
1
What is the tens digit of 643851?
5
What is the hundred thousands digit of 12423516?
4
What is the tens digit of 229145?
4
What is the ten thousands digit of 58539?
5
What is the tens digit of 7708403?
0
What is the hundred thousands digit of 154289?
1
What is the units digit of 4008487?
7
What is the ten thousands digit of 623050?
2
What is the tens digit of 4278377?
7
What is the hundreds digit of 2380577?
5
What is the millions digit of 24138988?
4
What is the hundred thousands digit of 4996150?
9
What is the units digit of 1968465?
5
What is the hundred thousands digit of 613898?
6
What is the millions digit of 2755900?
2
What is the millions digit of 3506863?
3
What is the ten thousands digit of 279752?
7
What is the tens digit of 23899103?
0
What is the hundreds digit of 53385?
3
What is the ten thousands digit of 356896?
5
What is the tens digit of 2391818?
1
What is the ten thousands digit of 3757257?
5
What is the millions digit of 16733992?
6
What is the ten thousands digit of 1881713?
8
What is the tens digit of 1719657?
5
What is the thousands digit of 2075250?
5
What is the tens digit of 655789?
8
What is the hundred thousands digit of 1484981?
4
What is the units digit of 668562?
2
What is the ten thousands digit of 425574?
2
What is the units digit of 4795557?
7
What is the tens digit of 15289741?
4
What is the ten thousands digit of 18448435?
4
What is the thousands digit of 2504526?
4
What is the hundreds digit of 4415034?
0
What is the ten thousands digit of 858738?
5
What is the tens digit of 6990305?
0
What is the thousands digit of 63282?
3
What is the hundreds digit of 422759?
7
What is the units digit of 2250870?
0
What is the hundreds digit of 9038308?
3
What is the thousands digit of 631638?
1
What is the tens digit of 1399043?
4
What is the units digit of 15002661?
1
What is the ten thousands digit of 2363209?
6
What is the hundreds digit of 114904?
9
What is the hundred thousands digit of 370036?
3
What is the millions digit of 2356628?
2
What is the ten thousands digit of 469599?
6
What is the units digit of 172648?
8
What is the tens digit of 2475341?
4
What is the hundred thousands digit of 697929?
6
What is the thousands digit of 3623552?
3
What is the hundred thousands digit of 3732994?
7
What is the tens digit of 379717?
1
What is the units digit of 15891502?
2
What is the tens digit of 2072733?
3
What is the thousands digit of 5263446?
3
What is the hundreds digit of 454473?
4
What is the tens digit of 19236126?
2
What is the ten thousands digit of 2275423?
7
What is the hundreds digit of 6583965?
9
What is the hundreds digit of 143106?
1
What is the hundred thousands digit of 4953009?
9
What is the thousands digit of 4040206?
0
What is the millions digit of 2122485?
2
What is the units digit of 162588?
8
What is the hundreds digit of 420087?
0
What is the hundred thousands digit of 709270?
7
What is the units digit of 8674218?
8
What is the tens digit of 1317977?
7
What is the millions digit of 7499536?
7
What is the thousands digit of 10851520?
1
What is the hundreds digit of 3818246?
2
What is the millions digit of 35332365?
5
What is the tens digit of 2481587?
8
What is the hundred thousands digit of 212626?
2
What is the tens digit of 13606084?
8
What is the thousands digit of 659291?
9
What is the millions digit of 6563302?
6
What is the thousands digit of 14584183?
4
What is the hundreds digit of 186094?
0
What is the tens digit of 86990?
9
What is the tens digit of 5532?
3
What is the ten thousands digit of 7609689?
0
What is the hundreds digit of 503195?
1
What is the hundreds digit of 10024774?
7
What is the ten thousands digit of 99840?
9
What is the hundreds digit of 11459551?
5
What is the hundreds digit of 462833?
8
What is the ten thousands digit of 369740?
6
What is the thousands digit of 17027642?
7
What is the hundred thousands digit of 338394?
3
What is the ten thousands digit of 1182817?
8
What is the units digit of 12597820?
0
What is the hundreds digit of 116707?
7
What is the millions digit of 1099444?
1
What is the ten thousands digit of 2754176?
5
What is the hundreds digit of 4734101?
1
What is the units digit of 30198539?
9
What is the units digit of 3589368?
8
What is the hundreds digit of 382969?
9
What is the hundred thousands digit of 1673053?
6
What is the hundreds digit of 1853640?
6
What is the ten thousands digit of 214066?
1
What is the hundreds digit of 12142130?
1
What is the millions digit of 3732693?
3
What is the hundreds digit of 2303675?
6
What is the tens digit of 3228273?
7
What is the hundred thousands digit of 332876?
3
What is the tens digit of 12998628?
2
What is the thousands digit of 622563?
2
What is the units digit of 48325?
5
What is the tens digit of 136489?
8
What is the units digit of 192834?
4
What is the tens digit of 2018119?
1
What is the tens digit of 10256?
5
What is the thousands digit of 18809806?
9
What is the tens digit of 784424?
2
What is the thousands digit of 448740?
8
What is the tens digit of 167203?
0
What is the hundred thousands digit of 4446237?
4
What is the thousand